{"id":23759,"date":"2025-11-12T13:36:40","date_gmt":"2025-11-12T18:36:40","guid":{"rendered":"https:\/\/www.tuxtla.tecnm.mx\/dcab\/?page_id=23759"},"modified":"2025-11-12T14:29:52","modified_gmt":"2025-11-12T19:29:52","slug":"objetivo-general-y-particulares-del-programa","status":"publish","type":"page","link":"https:\/\/www.tuxtla.tecnm.mx\/dcab\/objetivo-general-y-particulares-del-programa\/","title":{"rendered":"Objetivo General y Particulares del Programa"},"content":{"rendered":"\n<p><strong>Objetivo General <\/strong><\/p>\n\n\n\n<p>Formar\ninvestigadoras e investigadores especialistas en alimentos y biotecnolog\u00eda con\nalta calidad acad\u00e9mica capaces de generar conocimiento y desarrollar proyectos\nde investigaci\u00f3n, innovaci\u00f3n, adaptaci\u00f3n, mejoramiento y optimizaci\u00f3n de\nprocesos biotecnol\u00f3gicos en los sectores alimentario, agr\u00edcola, vegetal,\nfermentaciones, ambiental, que permitan la conservaci\u00f3n, mejoramiento y aprovechamiento\nsustentable de los recursos naturales del pa\u00eds.<\/p>\n\n\n\n<p><strong>Objetivos Espec\u00edficos <\/strong><\/p>\n\n\n\n<p>Formar\ndoctoras y doctores en ciencias a trav\u00e9s de un programa educativo que les\npermita adquirir las competencias y habilidades para generar conocimiento en\nlos sectores alimentario, agr\u00edcola, vegetal, fermentaciones, ambiental,\nbiotecnol\u00f3gico y desarrollo sustentable. <\/p>\n\n\n\n<p>Formar\ninvestigadoras e investigadores que sean capaces de trabajar interdisciplinaria\ny multidisciplinariamente en la soluci\u00f3n de problemas de los sectores\nalimenticios, agr\u00edcolas, vegetal, fermentaciones, ambiental, biotecnol\u00f3gico y\ndesarrollo sustentable. <\/p>\n\n\n\n<p>Formar\ninvestigadoras e investigadores capaces de desarrollar y\/o implementar\npropuestas rentables en el \u00e1rea de alimentos y biotecnolog\u00eda, con la\nperspectiva de establecer empresas sustentables.<\/p>\n","protected":false},"excerpt":{"rendered":"<p>Objetivo General Formar investigadoras e investigadores especialistas en alimentos y biotecnolog\u00eda con alta calidad acad\u00e9mica capaces de generar conocimiento y desarrollar proyectos de investigaci\u00f3n, innovaci\u00f3n, adaptaci\u00f3n, mejoramiento y optimizaci\u00f3n de procesos biotecnol\u00f3gicos en los sectores alimentario, agr\u00edcola, vegetal, fermentaciones, ambiental, que permitan la conservaci\u00f3n, mejoramiento y aprovechamiento sustentable de los recursos naturales del pa\u00eds. Objetivos&#8230;<\/p>\n<p><a href=\"https:\/\/www.tuxtla.tecnm.mx\/dcab\/objetivo-general-y-particulares-del-programa\/\"><span class=\"glyphicon glyphicon-arrow-right\"><\/span>&nbsp;Seguir leyendo<\/a><\/p>","protected":false},"author":5,"featured_media":0,"parent":0,"menu_order":0,"comment_status":"closed","ping_status":"closed","template":"","meta":{"footnotes":""},"class_list":["post-23759","page","type-page","status-publish","hentry"],"_links":{"self":[{"href":"https:\/\/www.tuxtla.tecnm.mx\/dcab\/wp-json\/wp\/v2\/pages\/23759","targetHints":{"allow":["GET"]}}],"collection":[{"href":"https:\/\/www.tuxtla.tecnm.mx\/dcab\/wp-json\/wp\/v2\/pages"}],"about":[{"href":"https:\/\/www.tuxtla.tecnm.mx\/dcab\/wp-json\/wp\/v2\/types\/page"}],"author":[{"embeddable":true,"href":"https:\/\/www.tuxtla.tecnm.mx\/dcab\/wp-json\/wp\/v2\/users\/5"}],"replies":[{"embeddable":true,"href":"https:\/\/www.tuxtla.tecnm.mx\/dcab\/wp-json\/wp\/v2\/comments?post=23759"}],"version-history":[{"count":2,"href":"https:\/\/www.tuxtla.tecnm.mx\/dcab\/wp-json\/wp\/v2\/pages\/23759\/revisions"}],"predecessor-version":[{"id":23844,"href":"https:\/\/www.tuxtla.tecnm.mx\/dcab\/wp-json\/wp\/v2\/pages\/23759\/revisions\/23844"}],"wp:attachment":[{"href":"https:\/\/www.tuxtla.tecnm.mx\/dcab\/wp-json\/wp\/v2\/media?parent=23759"}],"curies":[{"name":"wp","href":"https:\/\/api.w.org\/{rel}","templated":true}]}}